0 and 13750.
1250
Calculate the greatest common divisor of 5075194 and 1662.
554
Calculate the greatest common factor of 2998695 and 5880.
105
Calculate the greatest common factor of 32425205 and 5185.
85
Calculate the greatest common factor of 4763967 and 150742.
2599
What is the highest common divisor of 68510 and 3418990?
310
What is the highest common divisor of 17670 and 27674754?
3534
Calculate the greatest common factor of 235377108 and 8.
4
What is the highest common divisor of 120 and 11296056?
24
What is the highest common divisor of 37485 and 19208?
49
What is the highest common factor of 20972898 and 90585?
1647
Calculate the greatest common divisor of 6702 and 6630512.
2234
Calculate the greatest common divisor of 38189276 and 102.
34
What is the greatest common divisor of 4606 and 7775222?
98
What is the greatest common divisor of 394731162 and 56?
14
Calculate the highest common factor of 1645708 and 13543.
467
What is the highest common divisor of 86919129 and 9855?
1971
What is the highest common divisor of 35 and 5000600?
5
What is the greatest common factor of 6 and 2302662?
6
What is the greatest common divisor of 5320 and 282530?
190
Calculate the greatest common divisor of 661362 and 10032464.
3614
What is the highest common divisor of 1034 and 4683832?
94
What is the greatest common factor of 745488 and 17484?
372
What is the greatest common divisor of 23268 and 1129044?
84
Calculate the greatest common factor of 12441 and 223374008.
4147
Calculate the highest common divisor of 67861 and 29247232.
859
What is the highest common factor of 4 and 1252616?
4
Calculate the greatest common divisor of 281816 and 1408.
8
What is the greatest common factor of 31220 and 607229?
1561
Calculate the greatest common factor of 11684 and 597281.
127
What is the greatest common factor of 974485 and 21080?
155
What is the greatest common divisor of 6224 and 31804?
4
Calculate the highest common factor of 36 and 131143.
1
Calculate the greatest common factor of 18791 and 8391407.
817
Calculate the greatest common factor of 92603715 and 1005.
1005
Calculate the highest common divisor of 120648 and 139656.
264
Calculate the greatest common factor of 392 and 55226822.
98
What is the highest common divisor of 2036424 and 6144?
24
Calculate the greatest common divisor of 5654 and 32649023.
2827
Calculate the greatest common divisor of 189435 and 46230.
15
Calculate the highest common divisor of 2313855 and 90.
45
What is the greatest common divisor of 4342 and 879172502?
4342
Calculate the greatest common factor of 2108382318 and 63.
63
Calculate the highest common divisor of 38108 and 189532.
28
Calculate the highest common divisor of 2177236752 and 152.
152
Calculate the highest common divisor of 1440 and 14415264.
288
What is the greatest common factor of 2058 and 32234496?
42
What is the highest common divisor of 4312 and 14089264?
392
Calculate the highest common divisor of 288 and 125956368.
144
Calculate the highest common factor of 48321 and 32785935.
273
What is the highest common divisor of 5808 and 116736?
48
What is the greatest common factor of 35689 and 7?
1
Calculate the highest common divisor of 109686229 and 2621.
2621
What is the highest common factor of 5490836 and 260?
52
Calculate the greatest common factor of 214 and 273438.
2
Calculate the highest common divisor of 5607351 and 25710.
2571
Calculate the highest common factor of 2005 and 33288213.
401
Calculate the greatest common divisor of 115413 and 12315463.
527
Calculate the greatest common factor of 5 and 59693840.
5
What is the greatest common divisor of 6612 and 22713322?
1102
What is the greatest common factor of 5623685 and 18139?
17
What is the greatest common divisor of 3035 and 814238905?
3035
Calculate the highest common factor of 16303 and 1746339.
959
Calculate the greatest common factor of 1396 and 13211395.
349
Calculate the greatest common factor of 597 and 4016310933.
597
What is the highest common factor of 28384 and 1243888?
16
What is the greatest common divisor of 1626648342 and 3113?
3113
Calculate the greatest common divisor of 64976673 and 15.
3
Calculate the greatest common divisor of 59 and 683195869.
59
What is the greatest common factor of 631392 and 6168?
24
What is the highest common factor of 6848 and 29582932?
428
Calculate the greatest common divisor of 99 and 13158112.
11
Calculate the highest common factor of 21533759 and 1898.
949
Calculate the greatest common factor of 3344 and 39720659.
209
What is the greatest common divisor of 15092 and 82918?
22
What is the greatest common divisor of 946 and 11160358?
22
What is the highest common divisor of 476 and 42294028?
476
What is the greatest common factor of 30 and 1209606?
6
Calculate the highest common factor of 5872 and 13232.
16
Calculate the highest common factor of 9211004 and 253.
11
What is the greatest common divisor of 3344 and 2069232?
176
What is the greatest common factor of 51 and 124826393?
17
What is the greatest common factor of 9834390 and 332559?
1017
What is the highest common divisor of 55386 and 1427728?
6154
Calculate the highest common divisor of 2554678 and 154.
14
What is the greatest common factor of 3068 and 35745684?
52
Calculate the greatest common divisor of 83074 and 4494026.
146
What is the greatest common factor of 7326241 and 7163?
377
Calculate the greatest common factor of 20352860 and 9940.
1420
Calculate the highest common divisor of 90538 and 5833457.
1561
Calculate the greatest common divisor of 298177420 and 1015.
145
Calculate the greatest common factor of 100 and 9027350.
50
Calculate the highest common factor of 48 and 7194888.
24
Calculate the greatest common divisor of 94010 and 16570.
10
What is the highest common factor of 70928 and 1304732?
572
Calculate the greatest common factor of 27716481 and 36.
9
Calculate the highest common factor of 49566 and 70994.
22
What is the greatest common divisor of 1146 and 5112018?
6
Calculate the greatest common divisor of 553 and 3730993.
7
Calculate the highest common divisor of 476765 and 1005907.
1343
What is the greatest common divisor of 1510501 and 833?
17
What is the greatest common factor of 144521091 and 212109?
12477
What is the greatest common divisor of 102 and 63567879?
51
What is the greatest common divisor of 80106 and 7769606?
338
What is the highest common factor of 417516 and 26?
2
What is the greatest common factor of 735 and 3753?
3
What is the highest common factor of 250896880 and 17?
17
Calculate the highest common factor of 5425 and 1097183.
31
Calculate the greatest common divisor of 403131 and 3486.
249
What is the highest common factor of 1860 and 427905?
15
What is the highest common divisor of 10571 and 2518967?
341
What is the highest common factor of 628488 and 21528?
72
Calculate the highest common divisor of 9980 and 639872690.
4990
Calculate the highest common factor of 211723050 and 3542.
3542
Calculate the highest common factor of 4446 and 2664522.
342
Calculate the highest common divisor of 16278808 and 65.
13
Calculate the greatest common divisor of 224 and 9914704.
16
What is the highest common divisor of 199271 and 2136?
89
What is the highest common factor of 1872163 and 53687?
37
Calculate the greatest common divisor of 24361 and 14331.
17
What is the greatest common factor of 421651 and 1936589?
289
Calculate the highest common factor of 1821 and 7594784.
607
What is the highest common factor of 4564 and 1246708?
4
Calculate the highest common factor of 4312 and 442372.
196
Calculate the greatest common divisor of 7172 and 2840764.
652
What is the highest common factor of 73354815 and 19035?
405
What is the highest common factor of 361071 and 77787?
1161
What is the greatest common divisor of 14417 and 4576843?
1109
What is the highest common divisor of 9986353 and 52?
13
Calculate the greatest common divisor of 36008 and 57764.
28
What is the highest common factor of 1285160 and 11659?
89
Calculate the greatest common factor of 308517 and 30558.
33
Calculate the greatest common divisor of 7 and 14255.
1
What is the highest common divisor of 5244 and 17440936?
76
What is the highest common factor of 376 and 261297?
1
What is the greatest common factor of 6